prime factors of (10 + (-163908)/(-24))*2?
13679
Suppose -21*w + 5*w = 0. Suppose w = 16*u - 8178 - 5646. What are the prime factors of u?
2, 3
Suppose -13 = -3*f + 2. Let s = f - -11. What are the prime factors of -2 + s + -3 + 1?
2, 3
Let t = 5246 - -183. What are the prime factors of t?
61, 89
Let n = -13596 + 13604. Let y(c) = 3 + 7*c + 7*c + 8. List the prime factors of y(n).
3, 41
Suppose -2*z + w + 41086 + 1644 = 0, 2*z = 4*w + 42754. What are the prime factors of z?
41, 521
What are the prime factors of 5 - 14/12*6 - -6743?
3, 7, 107
Suppose 1117 = 3*l - 2*k, 0*k - 370 = -l + 3*k. Suppose 51 = 4*j - l. Suppose -4*c = -3*s + 302, 3*c = s - c - j. List the prime factors of s.
2, 7
Suppose 7 = -2*g - 1. Let j be g/18 - 14600/(-90). Let s = j + -78. What are the prime factors of s?
2, 3, 7
Suppose -4*m - 2*b + 260330 = 0, -231186 = -5*m - 3*b + 94225. What are the prime factors of m?
2, 53, 307
Let h(r) = 15*r + 69. Let o be h(10). Suppose -k + o = -0*k. What are the prime factors of k?
3, 73
Let g be (-2 - 100/(-35))*21/3. Suppose -4*w - 16 = 4*n, 5*n + g = w - 2. What are the prime factors of (-8)/(-32) - w/(24/1065)?
89
Let n be ((-48)/(-102))/4 - 2/17. What are the prime factors of 0/(-3) - (-86 + n/(-1))?
2, 43
Suppose -2*i - i + 163335 = j, 24*j - 54445 = -i. What are the prime factors of i?
5, 10889
Suppose -4*w + 718 = -5*z, -3*z + 726 = 4*w - 4*z. Let n = 629 - 308. Let t = n - w. List the prime factors of t.
139
Let v = -4079 + 2466. Let x = -983 - v. List the prime factors of x.
2, 3, 5, 7
Let k(v) = -5*v - 37. Let a(h) = -2*h - 19. Let b(i) = i**3 - 2*i**2 - 5*i - 7. Let o be b(4). Let d(r) = o*a(r) - 3*k(r). What are the prime factors of d(24)?
2, 17
Suppose y + 2*l = 11292 + 7383, 9*l = -4*y + 74703. What are the prime factors of y?
3, 7, 127
Suppose -8*r + 23 + 33 = 0. Let n(l) = 15*l**2 - 17*l + 13. What are the prime factors of n(r)?
17, 37
Let q be (4 + 0)*(-813)/12. Let p = q - -519. List the prime factors of p.
2, 31
Let o be ((1 - 3) + (-3)/(-4))*24. Let y be ((-73)/3)/((-2)/6). Let r = y - o. List the prime factors of r.
103
What are the prime factors of (-516498)/(-90) + 28/210?
3, 1913
Let s(r) = 12464*r - 1479. List the prime factors of s(6).
3, 5, 181
Let o(x) = -x**3 + 12*x**2 + 4*x - 28. Let q be o(12). Let c = 8 - q. Let t(a) = a**2 - a + 38. What are the prime factors of t(c)?
2, 97
Let s(g) = -7*g**2 - 4*g**2 + 2 + g + g**3 + 15*g**2 - 2*g**2. Let r be s(0). Suppose 3*p - 486 = -4*c + 309, -r*c + 2*p = -394. List the prime factors of c.
2, 3, 11
Let z = -41149 - -60384. What are the prime factors of z?
5, 3847
Let h(t) = 49 - 3 - 3*t + 31 - 22. Let n be h(0). Suppose n = -7*g + 272. List the prime factors of g.
31
Suppose -2*j = -j - 3. Suppose 3*o + 2*o + 2*i = 0, 0 = -3*o + j*i + 21. Suppose 0 = z + o*t - 23, -2*z = 2*z + 2*t - 74. What are the prime factors of z?
17
Let y(t) = -t**3 - t**2 - t + 1. Let o be y(-1). Let g(x) = -53 - 12*x + 6*x**o - 51 + 98 + x. What are the prime factors of g(-5)?
199
Suppose 5*z - 4*z + 10 = 0. Let i = z - -20. List the prime factors of (i - 25)*(-20)/6.
2, 5
Let k(m) = 20*m - 188 + 7*m**2 + 396 - 198. What are the prime factors of k(-10)?
2, 3, 5, 17
Let v(z) = -z**3 - 5*z**2 + 6*z + 5. Let s be v(-6). What are the prime factors of s/(-3) - 45/81*-795?
2, 5, 11
Suppose -3*v = 3*v - 288. Let r = 79 - v. Let n = 37 - r. List the prime factors of n.
2, 3
Suppose s = 4*p + 8 + 20, 2*p = -4*s + 148. Let l = s + 78. Let o = l - 44. List the prime factors of o.
2, 5, 7
Suppose 2374793 = 60*q - 1038727. What are the prime factors of q?
2, 3, 11, 431
Let i be (18/36)/(2/8). Suppose 0 = -4*k - 5*w + 157, 3*k - i*w - 111 = w. List the prime factors of (k*(-3)/9)/((-10)/15).
19
Let c(b) = b**2 - 59*b - 45. Let d be c(39). Let w = d - -1401. What are the prime factors of w?
2, 3
Let y(n) = 1153*n**2 + 106*n - 291. List the prime factors of y(3).
2, 3, 17
Let b = 78 + -55. Let n = b + -21. Suppose -n*m = 4*m - 18. List the prime factors of m.
3
Let c = -21 - -1891. What are the prime factors of c?
2, 5, 11, 17
Suppose -259*c + 249*c + 7130 = 0. Suppose d + 3*a - 683 = 0, -35*d + 34*d + 3*a + c = 0. List the prime factors of d.
2, 349
Let i = 6674 + 2450. What are the prime factors of i?
2, 2281
Let s = -89258 + 143280. List the prime factors of s.
2, 27011
Let y be 22/(26/(-204) + 17/102). Suppose -y - 57 = -3*o - 3*t, 0 = 2*o + 3*t - 417. What are the prime factors of o?
3, 67
Let n(r) = -2*r**3 + 9*r**2 - 66. Let o be n(-8). What are the prime factors of o - ((-135)/75 + (-12)/(-15))?
5, 307
Suppose -5*y = -2*o + 8711, -5*y = -7*o + 4*o + 13079. What are the prime factors of o?
2, 3, 7, 13
Let b = 421 - 413. Suppose 2*j = b*j - 6636. List the prime factors of j.
2, 7, 79
Let x(n) = -494*n - 1968. List the prime factors of x(-43).
2, 23, 419
Let q(j) = -94*j**2 - 12*j + 1. Let d(z) = -94*z**2 - 11*z. Let v(b) = 6*d(b) - 5*q(b). Let f be v(-1). Let y = f - -231. List the prime factors of y.
2, 3, 23
What are the prime factors of (-2408)/(-3)*6 - -5?
3, 1607
Suppose -122*s + 50*s + 60*s + 660960 = 0. What are the prime factors of s?
2, 3, 5, 17
Let t be (4/6)/(4/(-24)). Let j(c) be the first derivative of -15*c**2/2 + 21*c - 27. What are the prime factors of j(t)?
3
Let l = 66 + -56. Suppose 0*r + l = -5*r. What are the prime factors of ((-83)/2 + r)*(-3 - -1)?
3, 29
Suppose 0 = -0*j + j + 5*y - 102, 0 = -4*y - 4. Suppose 0 = -2*p - 2*k - k + 72, 3*p - j = -5*k. List the prime factors of 7808/52 - 6/p.
2, 3, 5
Let m be ((-3)/3)/(2 + -1). Let t = 621 - -283. List the prime factors of m/(t/302 - 3) + -2.
149
Let d = -171 + 172. What are the prime factors of (-450)/5*((-14)/4)/d?
3, 5, 7
Let k(m) = -m**3 - 10*m**2 + 5*m - 7. Suppose -c - c = 4, 142 = -3*q - 5*c. Let f = 33 + q. List the prime factors of k(f).
59
Suppose -14*d = -17*d + 12. Suppose 0 = u - d, -158 = k + 3*u - 6*u. Let j = k - -258. List the prime factors of j.
2, 7
Suppose 12*k - 22*k + 260 = 0. What are the prime factors of (1 + 6*23)/(k/130)?
5, 139
Let b(l) = 74*l - 2. Let u(j) = 222*j - 6. Let v(h) = -7*b(h) + 2*u(h). Let o be v(-13). Suppose -4*d + o - 292 = 0. What are the prime factors of d?
2, 3, 7
Suppose -132*a - 404558 = -169*a. What are the prime factors of a?
2, 7, 11, 71
Let v be (-2)/14*2 - 198/(-7). Let w be (-21)/v - 11/(-4). Suppose -3*g = -2*o + 78, 0*o - w*o - 2*g = -78. What are the prime factors of o?
3, 13
Let w(d) = -65*d - 8. Let h be w(6). Suppose -2*u = -3*t + 1970, u - 2665 = -4*t - 4*u. Let s = t + h. List the prime factors of s.
2, 131
Let k = 46748 - 20053. What are the prime factors of k?
5, 19, 281
Suppose -145002 = -4*c + 504*p - 502*p, 0 = -3*c - p + 108744. List the prime factors of c.
3, 43, 281
Suppose -48 - 288 = -14*d. Suppose d*u = -3341 + 11141. List the prime factors of u.
5, 13
Let d = -539 + 573. Let u(f) = f**2 - 4*f - 4. Let p be u(4). List the prime factors of p/3 + (-8)/12 + d.
2
Let l be ((-4168)/(-5))/(128/960). Suppose -l = -7*x - 2388. List the prime factors of x.
2, 3, 23
Let y(l) = -4*l**3 + 7 + 3*l**3 - l**2 - 6. Let o be y(-1). List the prime factors of (42 - 39)*(o - (-182)/6).
2, 47
Let h(g) = -5*g**3 - 3*g**2 + 11*g - 13. Let o be h(-6). Suppose 5*a = -3*i + o, i = -3*a + 74 + 217. What are the prime factors of i?
2, 3, 17
Let k(a) = a**3 - 8*a**2 - 45*a. Let l be k(12). Let x = 405 - l. What are the prime factors of x?
3, 41
Suppose -78293 - 31111 = -18*h. What are the prime factors of h?
2, 3, 1013
Let v = -40 - -22. Let f be 4/v - 2/((-90)/(-2735)). Let p = -12 - f. What are the prime factors of p?
7
Let j = -42 - -50. Suppose j*s - 594 = 918. List the prime factors of s.
3, 7
Suppose -i - 2*i - 5*u + 66 = 0, 0 = i + u - 22. Let o = i - 14. Suppose 505 = o*a - 3*a. What are the prime factors of a?
101
Suppose 0 = 7*l - 107 - 236. Suppose 25*b - l*b = -11712. List the prime factors of b.
2, 61
Let a = -1545 + 9268. What are the prime factors of a?
7723
Let n be (-15)/6 + 1064/16. Let h = 67 - n. Suppose -16 = 4*s, 0 = -h*g + 4*g - 4*s - 183. List the prime factors of g.
167
Let b(f) = 8*f**2 - 48*f - 719. List the prime factors of b(-26).
3, 1979
Let f be (-188)/(-19) + (-8)/(-76)*1. Suppose 0 = -f*m - 7*m + 9112. List the prime factors of m.
2, 67
Let j(u) =